se w = m - 0*m + x - 1, -l = 4*x. Calculate the remainder when m is divided by 2.
0
Let s(y) = 5 + 7*y - 27*y + 16*y**2 + 5*y + 7*y. Let f be 1/(-2)*(0 + -6). Calculate the remainder when s(f) is divided by 32.
29
Let y = -17 + -32. Let s be ((-84)/y)/(4/14). Let f = s + 1. What is the remainder when 11 is divided by f?
4
Suppose 7*z + 56 = 3*z. Let x be (0 + 2)*(-21)/z. Suppose -5 = -x*b + 58. What is the remainder when b is divided by 8?
5
Suppose -119 - 377 = -8*x. Calculate the remainder when x is divided by 20.
2
Let z(r) = -2*r - 6. Let b be z(-4). Suppose -b*a + 42 = n + 3*a, -142 = -3*n + a. What is the remainder when n is divided by 17?
13
Let u(b) = -b**2 - 7*b - 6. Let l be u(-5). Suppose 3*x + l = 43. What is the remainder when 34 is divided by x?
8
Let u = 1 + 1. What is the remainder when (28/49)/(-10*7/(-245)) is divided by u?
0
Let m(q) = -q**3 - 22*q**2 + 24*q + 60. Calculate the remainder when m(-23) is divided by 255/25 + 2/(-10).
7
Let q be ((-12)/18)/(0 - 4/36). What is the remainder when 206/q - (-26)/39 is divided by 18?
17
Let g(m) = m**2 - 3*m - 5. Let d be g(-2). Suppose 85 = 3*p - 5*o - 50, d*p = o + 247. Calculate the remainder when p is divided by 18.
14
Suppose -118 = -5*n + 3*z - 18, n - z = 18. Calculate the remainder when 734 is divided by n.
21
What is the remainder when (168 - (5 + -9)) + 5 - -1 is divided by 62?
54
Let w be (-6)/(-3 + 4 - 3). Suppose -5*z = 5*u - 5 - 25, w*z + 5*u = 22. What is the remainder when 7 is divided by z?
3
Let w = 178 + -119. Let z = w + -26. Calculate the remainder when z is divided by 12.
9
Let y = 327 - 314. Calculate the remainder when 1/(1/1)*38 is divided by y.
12
Let g(p) = -p**3 + 13*p**2 - 12*p + 29. Let l be g(12). Suppose 10*n - l - 101 = 0. Calculate the remainder when n is divided by 5.
3
Suppose -5261 = -3*p - 0*x + 5*x, 5*p - 8761 = x. What is the remainder when p is divided by 65?
62
Let x(p) be the second derivative of -p**5/20 - p**4/3 - 5*p**3/6 - 7*p**2 + 35*p. Calculate the remainder when x(-4) is divided by 3.
0
Let t(k) = 27*k**2 + 5*k - 4. Suppose -7*c = -3*c. Suppose 0 = -4*l + y + 41, -5 = 5*y - c*y. Calculate the remainder when t(1) is divided by l.
8
Suppose 3*h - 685 = 7*n - 8*n, 3*h - 2*n = 673. Let p(u) = 59*u**2 - 1. What is the remainder when h is divided by p(-1)?
53
Suppose -4*t + 274 = 118. Let k(y) = -3*y + 2. What is the remainder when t is divided by k(-2)?
7
Suppose 0*c = -4*c + 60. Let f(t) = -3*t**2 + 206*t + 4*t**2 - 207*t + 13. What is the remainder when f(6) is divided by c?
13
What is the remainder when -34 + 42 + -3 + 112 is divided by 97?
20
Let u(d) = -d + 1. Let j be u(4). Let b = j + 8. Suppose b*f = f + 16. What is the remainder when 6 is divided by f?
2
Let a(l) = -l**3 + 7*l**2 + l + 1. Let d be a(7). Calculate the remainder when 5/10 + 52/d is divided by 4.
3
Suppose 2*k - 2639 = -289. Calculate the remainder when k is divided by 14.
13
Let u(k) = 2*k**3 - 20*k**2 + 21*k - 5. Calculate the remainder when 150 is divided by u(9).
18
Let l(o) = o + 2. Let g be l(-5). Let b be 1*g + (-12)/2. What is the remainder when -18*b/12*2 is divided by 15?
12
Suppose -3*j = 4*z - 558, -12*j + 7*j = -2*z - 930. Calculate the remainder when j is divided by 33.
21
Let y be 57/(-9)*(-18 - -6). Let m = y + 26. Suppose -6*k = -l - 5*k + 33, 0 = 2*l - 5*k - 60. What is the remainder when m is divided by l?
32
Suppose -17*s + 607 = -396. What is the remainder when 340 is divided by s?
45
Let p(l) = l**3 - 20*l**2 + 16*l + 14. What is the remainder when p(20) is divided by 28?
26
Let r = -67 + 135. Suppose -3*c + 151 = -r. Suppose 5*b + 3*n = 184, -4*b - n + c = -2*b. Calculate the remainder when b is divided by 13.
9
Let u = 15 + -6. Let p(o) = -71*o - 100. Calculate the remainder when p(-2) is divided by u.
6
Suppose -2*d + d - 5*q - 3 = 0, 0 = q + 4. Let v(b) = -16 + 10 + 2*b + 18. Calculate the remainder when d is divided by v(-4).
1
Let w = -179 + 258. What is the remainder when w is divided by 22?
13
Let x = 112 - 23. Let o(y) = -28*y - 1161. Calculate the remainder when x is divided by o(-42).
14
Suppose -d = -3*d + 4*h + 58, -d = h - 14. Calculate the remainder when 90 is divided by d.
14
Suppose p - 3*o - 2*o - 3 = 0, 3*p - 77 = -2*o. Let b = -171 + 257. Let z = b - 19. Calculate the remainder when z is divided by p.
21
Suppose -5*k + 96 = -3*t, -4*k = -3*k - 3*t - 24. Let c = -74 + 81. Calculate the remainder when k is divided by c.
4
Let k(s) = -s**2 - 9*s + 2. Let p be k(-9). Suppose 2*j - p = o + o, j = 5*o + 13. Calculate the remainder when 30*(9/j)/(-3) is divided by 12.
9
Let m = -15 - -24. Suppose h + 2*d = 33, -5*h + d + 222 = 68. What is the remainder when h is divided by m?
4
Calculate the remainder when 98 + -5*32/(-40) is divided by 27.
21
Calculate the remainder when 2637/9 - (1 + -6)/5 is divided by 27.
24
Let d(l) = -l**2 - 9*l + 3. Suppose 4*w = -5*w + 477. What is the remainder when w is divided by d(-8)?
9
Suppose 0 = -3*l, -q + 7*l + 4 = 3*l. Suppose 0 = u - 4*y - 130, u + q*y - 114 = -0*u. Calculate the remainder when u is divided by 41.
40
Suppose 3*m + 112 = 5*h, h - 90 = -3*h + 2*m. Let k = 17 - -49. Calculate the remainder when k is divided by h.
20
Let b(j) = j. Let a be b(2). Suppose -a*i = -5*r + r + 88, 0 = 4*r - i - 90. Let m = 24 - r. Calculate the remainder when 2 is divided by m.
0
Let u(m) = -m**3 - 5*m**2 + 13*m + 5. Let a be u(-7). Suppose -p + 5*p = a, n + 4*p - 43 = 0. Calculate the remainder when n is divided by 11.
9
Let s(a) = a**3 + 6*a**2 + 17. Let h = 9 - 14. What is the remainder when s(h) is divided by 23?
19
Suppose 2*d - 24 = -2*l + 48, -4*d + 30 = l. Calculate the remainder when l is divided by 13.
12
Let y(j) = j**3 + j**2 - 4*j + 60. Let u be y(0). Let s = -15 + u. Suppose -4 + 8 = -2*l, 0 = 4*f + 4*l - 56. What is the remainder when s is divided by f?
13
Let u be ((-24)/14)/((-3)/210). Suppose 4*g - 13 = -5*r + u, -3*g = r - 108. Calculate the remainder when g is divided by 21.
16
Let o be 175/49 + 3/7. Suppose 4 = -o*m - 3*d + 34, 4*d + 10 = 3*m. What is the remainder when 8 is divided by m?
2
Let q(w) = 2*w**2 + 7*w - 2. Let y(k) = 5*k**2 + 15*k - 4. Let u(x) = -9*q(x) + 4*y(x). Let h = -158 - -162. What is the remainder when u(2) is divided by h?
0
Let m = 23 + -12. Let d = m - 6. Suppose 18 = 2*g - 3*v, 10*g - 7*g + 3*v - 42 = 0. Calculate the remainder when g is divided by d.
2
Suppose 3*w = -2*k + 23, -3*k - 8 = -w + 18. What is the remainder when (-3)/2*-12*1 is divided by w?
7
Let j = 9 + -19. Let z = j - -24. Calculate the remainder when 40 is divided by z.
12
Let z = -40 - -73. Suppose 5*h = -0*h + f + 67, -z = -3*h - 3*f. What is the remainder when 16 is divided by h?
3
Let m(y) = 18*y + 11. Calculate the remainder when m(1) is divided by 8.
5
Let d(a) be the first derivative of a**4/4 - 5*a**3/3 - 3*a**2 + 6*a - 33. Let y = -2 + 8. What is the remainder when 28 is divided by d(y)?
4
Suppose 3*d - 101 - 76 = 4*h, 2*d - 118 = -3*h. Suppose -18 = -7*g + d. What is the remainder when 42 is divided by g?
9
Let m(v) = -v**2 + 6*v + 13. What is the remainder when 52 is divided by m(2)?
10
Suppose 168 = -0*v + 3*v. Let h(q) = -q**2 - 8*q + 4. Let k be h(-10). Let a = k + 36. What is the remainder when v is divided by a?
16
Calculate the remainder when ((-201)/(-2))/((-18)/(-12)) is divided by 19.
10
Let s = -246 - -459. What is the remainder when s is divided by 102?
9
Let t = -377 - -390. What is the remainder when 103 is divided by t?
12
Let r be 4/8 + (-1)/2. Suppose r = 4*i + 4, b - 6*i + 3*i - 3 = 0. Suppose -3*t - 12 = -b*t, 42 = 2*v - 3*t. Calculate the remainder when 29 is divided by v.
14
Suppose 0 = -h + 3*h - 6. Let y = 139 - 69. Suppose t = h*t - y. Calculate the remainder when t is divided by 19.
16
Suppose 0*a = 5*a - 270. Suppose -7*h = -3*h - 5*s - 537, 0 = h + s - 123. Let k = h + -117. What is the remainder when a is divided by k?
10
Let l(j) = -j**3 + 2*j**2 + 9*j + 14. Suppose 0*u - 6 = u. Let p(g) = -g**3 - 4*g**2 + 10*g + 7. Calculate the remainder when l(-4) is divided by p(u).
17
Let y be 956/32 - 4/(-32). What is the remainder when (-319)/(-3) + 20/y is divided by 27?
26
Let l = 147 - 111. Calculate the remainder when 70 is divided by l.
34
Suppose -1216 =